{"id":4100,"date":"2017-01-27T11:12:49","date_gmt":"2017-01-27T11:12:49","guid":{"rendered":"https:\/\/www.treatwell.fr\/inspiration\/?page_id=4100"},"modified":"2017-01-27T11:12:49","modified_gmt":"2017-01-27T11:12:49","slug":"reglement-2","status":"publish","type":"page","link":"https:\/\/www.treatwell.fr/inspiration\/reglement-2\/","title":{"rendered":"Reglement"},"content":{"rendered":"<p>&nbsp;<\/p>\n<ul>\n<li><b>Lov Organic x Treatwell<\/b><\/li>\n<\/ul>\n<ul>\n<li>ARTICLE 1 \u2013 ORGANISATION DU JEU<\/li>\n<\/ul>\n<p>&nbsp;<\/p>\n<p><span style=\"font-weight: 400\">Treatwell FR SAS (ci-apr\u00e8s \u00ab\u00a0la soci\u00e9t\u00e9 organisatrice \u00bb)<\/span><\/p>\n<p><span style=\"font-weight: 400\">Immatricul\u00e9e au registre du commerce et des soci\u00e9t\u00e9 sous le num\u00e9ro 752 044 503 dont le si\u00e8ge social est situ\u00e9 au 52 rue de la Chauss\u00e9e d\u2019Antin, 75009 Paris<\/span><\/p>\n<p>&nbsp;<\/p>\n<p><span style=\"font-weight: 400\">Organise du 25 janvier 2017 \u00e0 11h au 7 f\u00e9vrier 2017 \u00e0 18h, un jeu gratuit sans obligation d\u2019achat intitul\u00e9 : \u00ab Lov Organic x Treatwell \u00bb (ci-apr\u00e8s d\u00e9nomm\u00e9 \u00ab le Jeu \u00bb), selon les modalit\u00e9s d\u00e9crites dans le pr\u00e9sent r\u00e8glement. <\/span><\/p>\n<p>&nbsp;<\/p>\n<p><span style=\"font-weight: 400\">Cette op\u00e9ration n\u2019est ni organis\u00e9e, ni parrain\u00e9e par Facebook, Google, Apple ou Microsoft.<\/span><\/p>\n<p>&nbsp;<\/p>\n<ul>\n<li><b><b>ARTICLE 2 \u2013 CONDITIONS DE PARTICIPATION<\/b><\/b><\/li>\n<\/ul>\n<p>&nbsp;<\/p>\n<p><span style=\"font-weight: 400\">Ce jeu gratuit est ouvert \u00e0 toute personne physique \u00e2g\u00e9e de plus de 13 ans, disposant d\u2019un acc\u00e8s \u00e0 internet ainsi que d\u2019une adresse \u00e9lectronique valide, et r\u00e9sidant dans les pays suivants: France, Belgique, \u00e0 l\u2019exception des personnels de la soci\u00e9t\u00e9 organisatrice et de leurs familles, ainsi que de toutes personnes ayant particip\u00e9 \u00e0 l\u2019\u00e9laboration du jeu.<\/span><\/p>\n<p>&nbsp;<\/p>\n<p><span style=\"font-weight: 400\">Le jeu est soumis \u00e0 la r\u00e9glementation de la loi fran\u00e7aise applicable aux jeux et concours.<\/span><\/p>\n<p>&nbsp;<\/p>\n<p><span style=\"font-weight: 400\">Tout participant mineur doit n\u00e9anmoins obtenir l&rsquo;autorisation pr\u00e9alable de l\u2019un de ses deux parents ou de son tuteur l\u00e9gal pour participer au Jeu.<\/span><\/p>\n<p>&nbsp;<\/p>\n<p><span style=\"font-weight: 400\">La soci\u00e9t\u00e9 organisatrice pourra demander \u00e0 tout participant mineur de justifier de cette autorisation et, le cas \u00e9ch\u00e9ant, disqualifier un participant ne pouvant justifier de cette autorisation.<\/span><\/p>\n<p><span style=\"font-weight: 400\">La soci\u00e9t\u00e9 organisatrice pourra demander \u00e0 tout gagnant mineur de justifier de ladite autorisation relative \u00e0 sa participation au Jeu. La soci\u00e9t\u00e9 organisatrice se r\u00e9serve le droit de tirer au sort un autre gagnant d\u00e8s lors qu\u2019un gagnant initial, s\u2019il est mineur, n\u2019est pas en mesure d\u2019apporter de preuve suffisante de ladite autorisation.<\/span><\/p>\n<p>&nbsp;<\/p>\n<p><span style=\"font-weight: 400\">Le seul fait de participer \u00e0 ce jeu implique l&rsquo;acceptation pure et simple, sans r\u00e9serve, du pr\u00e9sent r\u00e8glement.<\/span><\/p>\n<p>&nbsp;<\/p>\n<p>&nbsp;<\/p>\n<ul>\n<li><b><b>ARTICLE 3 \u2013 MODALIT\u00c9S DE PARTICIPATION<\/b><\/b><\/li>\n<\/ul>\n<p>&nbsp;<\/p>\n<p><span style=\"font-weight: 400\">Ce jeu se d\u00e9roule exclusivement sur la page <\/span><a href=\"https:\/\/www.treatwell.fr/inspiration\/?page_id=4060&amp;preview=true\"><span style=\"font-weight: 400\">https:\/\/www.treatwell.fr/inspiration\/lov-organic-treatwell\/<\/span><\/a><span style=\"font-weight: 400\"> aux dates indiqu\u00e9es dans l\u2019article 1. La participation au jeu s\u2019effectue en entrant son adresse email et les informations demand\u00e9es sur la page\u00a0: h<\/span><a href=\"https:\/\/www.treatwell.fr/inspiration\/?page_id=4060&amp;preview=true\"><span style=\"font-weight: 400\">ttps:\/\/www.treatwell.fr\/inspiration\/lov-organic-treatwell\/<\/span><\/a><\/p>\n<p>&nbsp;<\/p>\n<p><span style=\"font-weight: 400\">Il n\u2019est autoris\u00e9 qu\u2019une seule participation par personne -m\u00eame nom, m\u00eame pr\u00e9nom, m\u00eame adresse \u00e9lectronique &#8211; pendant toute la p\u00e9riode du jeu. <\/span><\/p>\n<p>&nbsp;<\/p>\n<ul>\n<li><b><b>ARTICLE 4 \u2013 DESIGNATION DES GAGNANTS<\/b><\/b><\/li>\n<\/ul>\n<p>&nbsp;<\/p>\n<p><span style=\"font-weight: 400\">2 gagnants seront tir\u00e9s au sort dans les 5 jours suivant la fin du jeu.<\/span><\/p>\n<p>&nbsp;<\/p>\n<p><span style=\"font-weight: 400\">Les gagnants seront contact\u00e9s dans les 10 jours suivant le tirage au sort, leur confirmant la nature du lot gagn\u00e9 et les modalit\u00e9s pour en b\u00e9n\u00e9ficier. Tout gagnant ne donnant pas de r\u00e9ponse dans un d\u00e9lai de 15 jours \u00e0 compter de l\u2019envoi d\u2019avis de son gain sera r\u00e9put\u00e9 renoncer \u00e0 celui-ci et le lot sera attribu\u00e9 \u00e0 un nouveau gagnant.<\/span><\/p>\n<p>&nbsp;<\/p>\n<p><span style=\"font-weight: 400\">Le tirage au sort effectu\u00e9 d\u00e9terminera 2 gagnant(s) parmi les participants ayant entr\u00e9 leur adresse email et les informations demand\u00e9es dans la page\u00a0: h<\/span><a href=\"https:\/\/www.treatwell.fr/inspiration\/?page_id=4060&amp;preview=true\"><span style=\"font-weight: 400\">ttps:\/\/www.treatwell.fr\/inspiration\/lov-organic-treatwell\/<\/span><\/a><\/p>\n<p>&nbsp;<\/p>\n<ul>\n<li><b><b>ARTICLE 5 \u2013 DOTATION<\/b><\/b><\/li>\n<\/ul>\n<p>&nbsp;<\/p>\n<p><span style=\"font-weight: 400\">Le jeu est dot\u00e9 des lots suivants, attribu\u00e9s aux participants valides tir\u00e9s au sort et d\u00e9clar\u00e9s gagnants. Chaque gagnant remporte un seul lot.<\/span><\/p>\n<p><span style=\"font-weight: 400\">Liste des lots :<\/span><\/p>\n<p>&nbsp;<\/p>\n<ul>\n<li style=\"font-weight: 400\"><span style=\"font-weight: 400\"> 1 set de th\u00e9 (valeur 76.60\u20ac) Lov Organic qui sera fourni et envoy\u00e9 au gagnant par la soci\u00e9t\u00e9 Lov Organic<\/span><\/li>\n<li style=\"font-weight: 400\"><span style=\"font-weight: 400\">1 bon d&rsquo;achat Treatwell d&rsquo;une valeur de 100\u20ac <\/span><\/li>\n<\/ul>\n<p>&nbsp;<\/p>\n<p><span style=\"font-weight: 400\">La soci\u00e9t\u00e9 organisatrice se r\u00e9serve le droit de proc\u00e9der \u00e0 la v\u00e9rification de l\u2019\u00e2ge de tout gagnant avant remise de son lot. Les dotations ne pourront en aucun cas \u00eatre \u00e9chang\u00e9es contre leur valeur en esp\u00e8ces ou contre toute autre dotation. La soci\u00e9t\u00e9 organisatrice ne saurait \u00eatre tenue pour responsable de l\u2019utilisation ou de la non utilisation, voire du n\u00e9goce, des lots par les gagnants. En cas de force majeure, la soci\u00e9t\u00e9 organisatrice se r\u00e9serve le droit de remplacer le lot gagn\u00e9 par un lot de nature et de valeur \u00e9quivalente.<\/span><\/p>\n<p>&nbsp;<\/p>\n<ul>\n<li><b><b>ARTICLE 6 \u2013 IDENTIFICATION DES GAGNANTS ET ELIMINATION DE LA PARTICIPATION<\/b><\/b><\/li>\n<\/ul>\n<p>&nbsp;<\/p>\n<p><span style=\"font-weight: 400\">Les participants autorisent la v\u00e9rification de leur identit\u00e9. Le non respect du pr\u00e9sent r\u00e8glement ainsi que toute fraude ou tentative de tricherie, quelles que soient ses modalit\u00e9s, entra\u00eenera l\u2019\u00e9limination pure et simple de la participation de son auteur.<\/span><\/p>\n<p>&nbsp;<\/p>\n<p>&nbsp;<\/p>\n<ul>\n<li><b><b>ARTICLE 7 &#8211; DONNEES PERSONNELLES<\/b><\/b><\/li>\n<\/ul>\n<p>&nbsp;<\/p>\n<p>&nbsp;<\/p>\n<p><span style=\"font-weight: 400\">Il est rappel\u00e9 que pour participer au Jeu, les joueurs doivent n\u00e9cessairement fournir certaines informations personnelles les concernant (nom, pr\u00e9nom, code postal). Ces informations sont enregistr\u00e9es et sauvegard\u00e9es dans un fichier informatique et sont n\u00e9cessaires \u00e0 la prise en compte de leur participation, \u00e0 la d\u00e9termination des gagnants et \u00e0 l&rsquo;attribution et \u00e0 l\u2019acheminement des prix. Ces informations sont destin\u00e9es \u00e0 Treatwell FR SAS et \u00e0 Lov Organic, et pourront \u00eatre transmises \u00e0 ses prestataires techniques et \u00e0 un prestataire assurant l\u2019envoi des prix. Les donn\u00e9es ainsi recueillies pourront \u00eatre utilis\u00e9es dans le cadre l\u00e9gal. En application de la loi n\u00b0 78-17 du 6 janvier 1978 relative \u00e0 l&rsquo;informatique, aux fichiers et aux libert\u00e9s, les participants disposent des droits d&rsquo;acc\u00e8s, de rectification et de suppression des donn\u00e9es les concernant qu\u2019ils pourront r\u00e9clamer en envoyant un courrier par voie postale \u00e0 Treatwell FR SAS. <\/span><\/p>\n<p>&nbsp;<\/p>\n","protected":false},"excerpt":{"rendered":"<p>&nbsp; Lov Organic x Treatwell ARTICLE 1 \u2013 ORGANISATION DU JEU &nbsp; Treatwell FR SAS (ci-apr\u00e8s \u00ab\u00a0la soci\u00e9t\u00e9 organisatrice \u00bb) Immatricul\u00e9e au registre du commerce et des soci\u00e9t\u00e9 sous le num\u00e9ro 752 044 503 dont le si\u00e8ge social est situ\u00e9 au 52 rue de la Chauss\u00e9e d\u2019Antin, 75009 Paris &nbsp; Organise du 25 janvier 2017&hellip;<\/p>\n","protected":false},"author":1,"featured_media":0,"parent":0,"menu_order":0,"comment_status":"closed","ping_status":"closed","template":"","meta":{"inline_featured_image":false,"footnotes":""},"class_list":["post-4100","page","type-page","status-publish","hentry"],"yoast_head":"<!-- This site is optimized with the Yoast SEO plugin v27.1.1 - https:\/\/yoast.com\/product\/yoast-seo-wordpress\/ -->\n<title>Reglement - Treatwell FR<\/title>\n<meta name=\"robots\" content=\"index, follow, max-snippet:-1, max-image-preview:large, max-video-preview:-1\" \/>\n<link rel=\"canonical\" href=\"https:\/\/www.treatwell.fr/inspiration\/reglement-2\/\" \/>\n<meta property=\"og:locale\" content=\"fr_FR\" \/>\n<meta property=\"og:type\" content=\"article\" \/>\n<meta property=\"og:title\" content=\"Reglement - Treatwell FR\" \/>\n<meta property=\"og:description\" content=\"&nbsp; Lov Organic x Treatwell ARTICLE 1 \u2013 ORGANISATION DU JEU &nbsp; Treatwell FR SAS (ci-apr\u00e8s \u00ab\u00a0la soci\u00e9t\u00e9 organisatrice \u00bb) Immatricul\u00e9e au registre du commerce et des soci\u00e9t\u00e9 sous le num\u00e9ro 752 044 503 dont le si\u00e8ge social est situ\u00e9 au 52 rue de la Chauss\u00e9e d\u2019Antin, 75009 Paris &nbsp; Organise du 25 janvier 2017&hellip;\" \/>\n<meta property=\"og:url\" content=\"https:\/\/www.treatwell.fr/inspiration\/reglement-2\/\" \/>\n<meta property=\"og:site_name\" content=\"Treatwell FR\" \/>\n<meta name=\"twitter:card\" content=\"summary_large_image\" \/>\n<meta name=\"twitter:label1\" content=\"Dur\u00e9e de lecture estim\u00e9e\" \/>\n\t<meta name=\"twitter:data1\" content=\"5 minutes\" \/>\n<script type=\"application\/ld+json\" class=\"yoast-schema-graph\">{\"@context\":\"https:\/\/schema.org\",\"@graph\":[{\"@type\":\"WebPage\",\"@id\":\"https:\/\/www.treatwell.fr/inspiration\/reglement-2\/\",\"url\":\"https:\/\/www.treatwell.fr/inspiration\/reglement-2\/\",\"name\":\"Reglement - Treatwell FR\",\"isPartOf\":{\"@id\":\"https:\/\/www.treatwell.fr/inspiration\/#website\"},\"datePublished\":\"2017-01-27T11:12:49+00:00\",\"breadcrumb\":{\"@id\":\"https:\/\/www.treatwell.fr/inspiration\/reglement-2\/#breadcrumb\"},\"inLanguage\":\"fr-FR\",\"potentialAction\":[{\"@type\":\"ReadAction\",\"target\":[\"https:\/\/www.treatwell.fr/inspiration\/reglement-2\/\"]}]},{\"@type\":\"BreadcrumbList\",\"@id\":\"https:\/\/www.treatwell.fr/inspiration\/reglement-2\/#breadcrumb\",\"itemListElement\":[{\"@type\":\"ListItem\",\"position\":1,\"name\":\"Home\",\"item\":\"https:\/\/www.treatwell.fr/inspiration\/\"},{\"@type\":\"ListItem\",\"position\":2,\"name\":\"Reglement\"}]},{\"@type\":\"WebSite\",\"@id\":\"https:\/\/www.treatwell.fr/inspiration\/#website\",\"url\":\"https:\/\/www.treatwell.fr/inspiration\/\",\"name\":\"Treatwell FR\",\"description\":\"\",\"potentialAction\":[{\"@type\":\"SearchAction\",\"target\":{\"@type\":\"EntryPoint\",\"urlTemplate\":\"https:\/\/www.treatwell.fr/inspiration\/?s={search_term_string}\"},\"query-input\":{\"@type\":\"PropertyValueSpecification\",\"valueRequired\":true,\"valueName\":\"search_term_string\"}}],\"inLanguage\":\"fr-FR\"}]}<\/script>\n<!-- \/ Yoast SEO plugin. -->","yoast_head_json":{"title":"Reglement - Treatwell FR","robots":{"index":"index","follow":"follow","max-snippet":"max-snippet:-1","max-image-preview":"max-image-preview:large","max-video-preview":"max-video-preview:-1"},"canonical":"https:\/\/www.treatwell.fr/inspiration\/reglement-2\/","og_locale":"fr_FR","og_type":"article","og_title":"Reglement - Treatwell FR","og_description":"&nbsp; Lov Organic x Treatwell ARTICLE 1 \u2013 ORGANISATION DU JEU &nbsp; Treatwell FR SAS (ci-apr\u00e8s \u00ab\u00a0la soci\u00e9t\u00e9 organisatrice \u00bb) Immatricul\u00e9e au registre du commerce et des soci\u00e9t\u00e9 sous le num\u00e9ro 752 044 503 dont le si\u00e8ge social est situ\u00e9 au 52 rue de la Chauss\u00e9e d\u2019Antin, 75009 Paris &nbsp; Organise du 25 janvier 2017&hellip;","og_url":"https:\/\/www.treatwell.fr/inspiration\/reglement-2\/","og_site_name":"Treatwell FR","twitter_card":"summary_large_image","twitter_misc":{"Dur\u00e9e de lecture estim\u00e9e":"5 minutes"},"schema":{"@context":"https:\/\/schema.org","@graph":[{"@type":"WebPage","@id":"https:\/\/www.treatwell.fr/inspiration\/reglement-2\/","url":"https:\/\/www.treatwell.fr/inspiration\/reglement-2\/","name":"Reglement - Treatwell FR","isPartOf":{"@id":"https:\/\/www.treatwell.fr/inspiration\/#website"},"datePublished":"2017-01-27T11:12:49+00:00","breadcrumb":{"@id":"https:\/\/www.treatwell.fr/inspiration\/reglement-2\/#breadcrumb"},"inLanguage":"fr-FR","potentialAction":[{"@type":"ReadAction","target":["https:\/\/www.treatwell.fr/inspiration\/reglement-2\/"]}]},{"@type":"BreadcrumbList","@id":"https:\/\/www.treatwell.fr/inspiration\/reglement-2\/#breadcrumb","itemListElement":[{"@type":"ListItem","position":1,"name":"Home","item":"https:\/\/www.treatwell.fr/inspiration\/"},{"@type":"ListItem","position":2,"name":"Reglement"}]},{"@type":"WebSite","@id":"https:\/\/www.treatwell.fr/inspiration\/#website","url":"https:\/\/www.treatwell.fr/inspiration\/","name":"Treatwell FR","description":"","potentialAction":[{"@type":"SearchAction","target":{"@type":"EntryPoint","urlTemplate":"https:\/\/www.treatwell.fr/inspiration\/?s={search_term_string}"},"query-input":{"@type":"PropertyValueSpecification","valueRequired":true,"valueName":"search_term_string"}}],"inLanguage":"fr-FR"}]}},"_links":{"self":[{"href":"https:\/\/www.treatwell.fr\/inspiration\/wp-json\/wp\/v2\/pages\/4100","targetHints":{"allow":["GET"]}}],"collection":[{"href":"https:\/\/www.treatwell.fr\/inspiration\/wp-json\/wp\/v2\/pages"}],"about":[{"href":"https:\/\/www.treatwell.fr\/inspiration\/wp-json\/wp\/v2\/types\/page"}],"author":[{"embeddable":true,"href":"https:\/\/www.treatwell.fr\/inspiration\/wp-json\/wp\/v2\/users\/1"}],"replies":[{"embeddable":true,"href":"https:\/\/www.treatwell.fr\/inspiration\/wp-json\/wp\/v2\/comments?post=4100"}],"version-history":[{"count":0,"href":"https:\/\/www.treatwell.fr\/inspiration\/wp-json\/wp\/v2\/pages\/4100\/revisions"}],"wp:attachment":[{"href":"https:\/\/www.treatwell.fr\/inspiration\/wp-json\/wp\/v2\/media?parent=4100"}],"curies":[{"name":"wp","href":"https:\/\/api.w.org\/{rel}","templated":true}]}}