{"id":5789,"date":"2017-09-08T13:30:41","date_gmt":"2017-09-08T13:30:41","guid":{"rendered":"https:\/\/www.treatwell.fr\/inspiration\/?page_id=5789"},"modified":"2017-09-13T14:50:40","modified_gmt":"2017-09-13T14:50:40","slug":"mrwonderful-x-treatwell","status":"publish","type":"page","link":"https:\/\/www.treatwell.fr/inspiration\/mrwonderful-x-treatwell\/","title":{"rendered":"Mr Wonderful X Treatwell"},"content":{"rendered":"<p>\t\t\t\t<img decoding=\"async\" src=\"https:\/\/www.treatwell.fr/inspiration\/wp-content\/uploads\/sites\/4\/2017\/08\/Sans-titre-1-2.png\" alt=\"Sans-titre-1\" \/><br \/>\n\t\t\t\t<img decoding=\"async\" src=\"https:\/\/www.treatwell.fr/inspiration\/wp-content\/uploads\/sites\/4\/2017\/09\/landingpage-logos.png\" alt=\"landingpage-logos\" \/><\/p>\n<p style=\"text-align: center\"><strong>Jeu-c<\/strong><strong>oncours<\/strong><\/p>\n<p><strong>Et oui, les vacances c&rsquo;est fini !<\/strong><\/p>\n<p>Mais surprise, on a tout pr\u00e9vu pour vous r\u00e9conforter !<\/p>\n<p><a href=\"https:\/\/www.mrwonderfulshop.com\/fr\/\">Mr Wonderful<\/a> et <a href=\"https:\/\/www.treatwell.fr\/\">Treatwell<\/a>\u00a0vous proposent un jeu-concours tout doux avec 2 lots \u00e0 gagner :<\/p>\n<ul>\n<li><strong>1\u00a0lot de produits Mr Wonderful :<\/strong>\n<ul>\n<li>une tasse<\/li>\n<li>un agenda 2017-2018<\/li>\n<li>un thermos<\/li>\n<li>un ensemble d&rsquo;\u00e9criture<\/li>\n<\/ul>\n<\/li>\n<\/ul>\n<ul>\n<li><strong>1\u00a0carte cadeau Treatwell d&rsquo;une valeur de 50\u20ac pour vous faire dorloter<\/strong><\/li>\n<\/ul>\n<p>&nbsp;<\/p>\n<p>Tentez votre chance en remplissant le formulaire juste ici.<\/p>\n<p>Allez hop, on participe !<\/p>\n<p>15\u20ac vous seront ensuite offerts pour toute premi\u00e8re r\u00e9servation chez Treatwell.fr.<\/p>\n<p>\t<!-- Start of signup --><\/p>\n<form name=\"signup\" id=\"signup\" action=\"http:\/\/treatwell-email.com\/signup.ashx\" method=\"post\">\n<p><!-- UserID - required field, do not remove --><\/p>\n<p><!-- ReturnURL - when the user hits submit, they'll get sent here --><\/p>\n<p><!-- Email - the user's email address --><\/p>\n<table>\n<tr>\n<td>Pr\u00e9nom*<\/td>\n<tr>\n<td><\/td>\n<\/tr>\n<tr>\n<td> Nom*<\/td>\n<tr>\n<td><\/td>\n<\/tr>\n<tr>\n<td> Genre*<\/td>\n<tr>\n<td><\/td>\n<\/tr>\n<tr>\n<td>Code Postal*<\/td>\n<tr>\n<td><\/td>\n<\/tr>\n<tr>\n<td>Email*<\/td>\n<tr>\n<td><\/td>\n<\/tr>\n<\/table>\n<p><\/p>\n<td>En cliquant sur \u00ab\u00a0envoyer\u00a0\u00bb, vous acceptez <\/p>\n<table><a href=\"https:\/\/www.treatwell.fr/inspiration\/bases-legales-mr-wonderful\/\">les conditions de participation<\/a><br \/>\n<\/table>\n<table>\n<tr>\n<\/p>\n<td><font size=\"2\">Les champs obligatoires*<\/font><\/p>\n<tr>\n<td>\n<\/table>\n<\/form>\n<p><!-- End of signup --><\/p>\n<p style=\"text-align: center\">Le code sera valide seulement pour tout nouvel utilisateur pour les paiements en ligne. Pour un minimum de 30\u20ac d&rsquo;achat. Valide jusqu&rsquo;au 17\/10\/2017. La r\u00e9duction ne s&rsquo;applique pas \u00e0 l&rsquo;achat de carte cadeau Treatwell. Si vous avez d\u00e9j\u00e0 r\u00e9serv\u00e9 via une autre adresse email, vous ne pourrez pas r\u00e9utiliser ce code.<\/p>\n","protected":false},"excerpt":{"rendered":"<p>Jeu-concours Et oui, les vacances c&rsquo;est fini ! Mais surprise, on a tout pr\u00e9vu pour vous r\u00e9conforter ! Mr Wonderful et Treatwell\u00a0vous proposent un jeu-concours tout doux avec 2 lots \u00e0 gagner : 1\u00a0lot de produits Mr Wonderful : une tasse un agenda 2017-2018 un thermos un ensemble d&rsquo;\u00e9criture 1\u00a0carte cadeau Treatwell d&rsquo;une valeur de&hellip;<\/p>\n","protected":false},"author":1,"featured_media":0,"parent":0,"menu_order":0,"comment_status":"closed","ping_status":"closed","template":"","meta":{"inline_featured_image":false,"footnotes":""},"class_list":["post-5789","page","type-page","status-publish","hentry"],"yoast_head":"<!-- This site is optimized with the Yoast SEO plugin v27.5 - https:\/\/yoast.com\/product\/yoast-seo-wordpress\/ -->\n<title>Mr Wonderful X Treatwell - Treatwell FR<\/title>\n<meta name=\"robots\" content=\"index, follow, max-snippet:-1, max-image-preview:large, max-video-preview:-1\" \/>\n<link rel=\"canonical\" href=\"https:\/\/www.treatwell.fr/inspiration\/mrwonderful-x-treatwell\/\" \/>\n<meta property=\"og:locale\" content=\"fr_FR\" \/>\n<meta property=\"og:type\" content=\"article\" \/>\n<meta property=\"og:title\" content=\"Mr Wonderful X Treatwell - Treatwell FR\" \/>\n<meta property=\"og:description\" content=\"Jeu-concours Et oui, les vacances c&rsquo;est fini ! Mais surprise, on a tout pr\u00e9vu pour vous r\u00e9conforter ! Mr Wonderful et Treatwell\u00a0vous proposent un jeu-concours tout doux avec 2 lots \u00e0 gagner : 1\u00a0lot de produits Mr Wonderful : une tasse un agenda 2017-2018 un thermos un ensemble d&rsquo;\u00e9criture 1\u00a0carte cadeau Treatwell d&rsquo;une valeur de&hellip;\" \/>\n<meta property=\"og:url\" content=\"https:\/\/www.treatwell.fr/inspiration\/mrwonderful-x-treatwell\/\" \/>\n<meta property=\"og:site_name\" content=\"Treatwell FR\" \/>\n<meta property=\"article:modified_time\" content=\"2017-09-13T14:50:40+00:00\" \/>\n<meta property=\"og:image\" content=\"https:\/\/www.treatwell.fr/inspiration\/wp-content\/uploads\/sites\/4\/2017\/08\/Sans-titre-1-2.png\" \/>\n<meta name=\"twitter:card\" content=\"summary_large_image\" \/>\n<meta name=\"twitter:label1\" content=\"Dur\u00e9e de lecture estim\u00e9e\" \/>\n\t<meta name=\"twitter:data1\" content=\"1 minute\" \/>\n<script type=\"application\/ld+json\" class=\"yoast-schema-graph\">{\"@context\":\"https:\\\/\\\/schema.org\",\"@graph\":[{\"@type\":\"WebPage\",\"@id\":\"https:\\\/\\\/www.treatwell.fr/inspiration\\\/mrwonderful-x-treatwell\\\/\",\"url\":\"https:\\\/\\\/www.treatwell.fr/inspiration\\\/mrwonderful-x-treatwell\\\/\",\"name\":\"Mr Wonderful X Treatwell - Treatwell FR\",\"isPartOf\":{\"@id\":\"https:\\\/\\\/www.treatwell.fr/inspiration\\\/#website\"},\"primaryImageOfPage\":{\"@id\":\"https:\\\/\\\/www.treatwell.fr/inspiration\\\/mrwonderful-x-treatwell\\\/#primaryimage\"},\"image\":{\"@id\":\"https:\\\/\\\/www.treatwell.fr/inspiration\\\/mrwonderful-x-treatwell\\\/#primaryimage\"},\"thumbnailUrl\":\"https:\\\/\\\/www.treatwell.fr/inspiration\\\/wp-content\\\/uploads\\\/sites\\\/4\\\/2017\\\/08\\\/Sans-titre-1-2.png\",\"datePublished\":\"2017-09-08T13:30:41+00:00\",\"dateModified\":\"2017-09-13T14:50:40+00:00\",\"breadcrumb\":{\"@id\":\"https:\\\/\\\/www.treatwell.fr/inspiration\\\/mrwonderful-x-treatwell\\\/#breadcrumb\"},\"inLanguage\":\"fr-FR\",\"potentialAction\":[{\"@type\":\"ReadAction\",\"target\":[\"https:\\\/\\\/www.treatwell.fr/inspiration\\\/mrwonderful-x-treatwell\\\/\"]}]},{\"@type\":\"ImageObject\",\"inLanguage\":\"fr-FR\",\"@id\":\"https:\\\/\\\/www.treatwell.fr/inspiration\\\/mrwonderful-x-treatwell\\\/#primaryimage\",\"url\":\"https:\\\/\\\/www.treatwell.fr/inspiration\\\/wp-content\\\/uploads\\\/sites\\\/4\\\/2017\\\/08\\\/Sans-titre-1-2.png\",\"contentUrl\":\"https:\\\/\\\/www.treatwell.fr/inspiration\\\/wp-content\\\/uploads\\\/sites\\\/4\\\/2017\\\/08\\\/Sans-titre-1-2.png\",\"width\":791,\"height\":403},{\"@type\":\"BreadcrumbList\",\"@id\":\"https:\\\/\\\/www.treatwell.fr/inspiration\\\/mrwonderful-x-treatwell\\\/#breadcrumb\",\"itemListElement\":[{\"@type\":\"ListItem\",\"position\":1,\"name\":\"Home\",\"item\":\"https:\\\/\\\/www.treatwell.fr/inspiration\\\/\"},{\"@type\":\"ListItem\",\"position\":2,\"name\":\"Mr Wonderful X Treatwell\"}]},{\"@type\":\"WebSite\",\"@id\":\"https:\\\/\\\/www.treatwell.fr/inspiration\\\/#website\",\"url\":\"https:\\\/\\\/www.treatwell.fr/inspiration\\\/\",\"name\":\"Treatwell FR\",\"description\":\"\",\"potentialAction\":[{\"@type\":\"SearchAction\",\"target\":{\"@type\":\"EntryPoint\",\"urlTemplate\":\"https:\\\/\\\/www.treatwell.fr/inspiration\\\/?s={search_term_string}\"},\"query-input\":{\"@type\":\"PropertyValueSpecification\",\"valueRequired\":true,\"valueName\":\"search_term_string\"}}],\"inLanguage\":\"fr-FR\"}]}<\/script>\n<!-- \/ Yoast SEO plugin. -->","yoast_head_json":{"title":"Mr Wonderful X Treatwell - Treatwell FR","robots":{"index":"index","follow":"follow","max-snippet":"max-snippet:-1","max-image-preview":"max-image-preview:large","max-video-preview":"max-video-preview:-1"},"canonical":"https:\/\/www.treatwell.fr/inspiration\/mrwonderful-x-treatwell\/","og_locale":"fr_FR","og_type":"article","og_title":"Mr Wonderful X Treatwell - Treatwell FR","og_description":"Jeu-concours Et oui, les vacances c&rsquo;est fini ! Mais surprise, on a tout pr\u00e9vu pour vous r\u00e9conforter ! Mr Wonderful et Treatwell\u00a0vous proposent un jeu-concours tout doux avec 2 lots \u00e0 gagner : 1\u00a0lot de produits Mr Wonderful : une tasse un agenda 2017-2018 un thermos un ensemble d&rsquo;\u00e9criture 1\u00a0carte cadeau Treatwell d&rsquo;une valeur de&hellip;","og_url":"https:\/\/www.treatwell.fr/inspiration\/mrwonderful-x-treatwell\/","og_site_name":"Treatwell FR","article_modified_time":"2017-09-13T14:50:40+00:00","og_image":[{"url":"https:\/\/www.treatwell.fr/inspiration\/wp-content\/uploads\/sites\/4\/2017\/08\/Sans-titre-1-2.png","type":"","width":"","height":""}],"twitter_card":"summary_large_image","twitter_misc":{"Dur\u00e9e de lecture estim\u00e9e":"1 minute"},"schema":{"@context":"https:\/\/schema.org","@graph":[{"@type":"WebPage","@id":"https:\/\/www.treatwell.fr/inspiration\/mrwonderful-x-treatwell\/","url":"https:\/\/www.treatwell.fr/inspiration\/mrwonderful-x-treatwell\/","name":"Mr Wonderful X Treatwell - Treatwell FR","isPartOf":{"@id":"https:\/\/www.treatwell.fr/inspiration\/#website"},"primaryImageOfPage":{"@id":"https:\/\/www.treatwell.fr/inspiration\/mrwonderful-x-treatwell\/#primaryimage"},"image":{"@id":"https:\/\/www.treatwell.fr/inspiration\/mrwonderful-x-treatwell\/#primaryimage"},"thumbnailUrl":"https:\/\/www.treatwell.fr/inspiration\/wp-content\/uploads\/sites\/4\/2017\/08\/Sans-titre-1-2.png","datePublished":"2017-09-08T13:30:41+00:00","dateModified":"2017-09-13T14:50:40+00:00","breadcrumb":{"@id":"https:\/\/www.treatwell.fr/inspiration\/mrwonderful-x-treatwell\/#breadcrumb"},"inLanguage":"fr-FR","potentialAction":[{"@type":"ReadAction","target":["https:\/\/www.treatwell.fr/inspiration\/mrwonderful-x-treatwell\/"]}]},{"@type":"ImageObject","inLanguage":"fr-FR","@id":"https:\/\/www.treatwell.fr/inspiration\/mrwonderful-x-treatwell\/#primaryimage","url":"https:\/\/www.treatwell.fr/inspiration\/wp-content\/uploads\/sites\/4\/2017\/08\/Sans-titre-1-2.png","contentUrl":"https:\/\/www.treatwell.fr/inspiration\/wp-content\/uploads\/sites\/4\/2017\/08\/Sans-titre-1-2.png","width":791,"height":403},{"@type":"BreadcrumbList","@id":"https:\/\/www.treatwell.fr/inspiration\/mrwonderful-x-treatwell\/#breadcrumb","itemListElement":[{"@type":"ListItem","position":1,"name":"Home","item":"https:\/\/www.treatwell.fr/inspiration\/"},{"@type":"ListItem","position":2,"name":"Mr Wonderful X Treatwell"}]},{"@type":"WebSite","@id":"https:\/\/www.treatwell.fr/inspiration\/#website","url":"https:\/\/www.treatwell.fr/inspiration\/","name":"Treatwell FR","description":"","potentialAction":[{"@type":"SearchAction","target":{"@type":"EntryPoint","urlTemplate":"https:\/\/www.treatwell.fr/inspiration\/?s={search_term_string}"},"query-input":{"@type":"PropertyValueSpecification","valueRequired":true,"valueName":"search_term_string"}}],"inLanguage":"fr-FR"}]}},"_links":{"self":[{"href":"https:\/\/www.treatwell.fr\/inspiration\/wp-json\/wp\/v2\/pages\/5789","targetHints":{"allow":["GET"]}}],"collection":[{"href":"https:\/\/www.treatwell.fr\/inspiration\/wp-json\/wp\/v2\/pages"}],"about":[{"href":"https:\/\/www.treatwell.fr\/inspiration\/wp-json\/wp\/v2\/types\/page"}],"author":[{"embeddable":true,"href":"https:\/\/www.treatwell.fr\/inspiration\/wp-json\/wp\/v2\/users\/1"}],"replies":[{"embeddable":true,"href":"https:\/\/www.treatwell.fr\/inspiration\/wp-json\/wp\/v2\/comments?post=5789"}],"version-history":[{"count":0,"href":"https:\/\/www.treatwell.fr\/inspiration\/wp-json\/wp\/v2\/pages\/5789\/revisions"}],"wp:attachment":[{"href":"https:\/\/www.treatwell.fr\/inspiration\/wp-json\/wp\/v2\/media?parent=5789"}],"curies":[{"name":"wp","href":"https:\/\/api.w.org\/{rel}","templated":true}]}}