{"id":7516,"date":"2018-05-14T07:58:06","date_gmt":"2018-05-14T07:58:06","guid":{"rendered":"https:\/\/www.treatwell.fr\/inspiration\/?page_id=7516"},"modified":"2018-05-21T16:03:42","modified_gmt":"2018-05-21T16:03:42","slug":"fete-des-meres-2018","status":"publish","type":"page","link":"https:\/\/www.treatwell.fr/inspiration\/fete-des-meres-2018\/","title":{"rendered":"F\u00eate des m\u00e8res"},"content":{"rendered":"<p>&nbsp;<\/p>\n<p style=\"text-align: center\"><strong>Bonne f\u00eate\u00a0 \u00a0 \u00a0 \u00a0 \u00a0 \u00a0 \u00a0 \u00a0 \u00a0 \u00a0 \u00a0 \u00a0 \u00a0 \u00a0 \u00a0 \u00a0Maman !<\/strong><\/p>\n<p>Elle nous appelle 10 fois d&rsquo;affil\u00e9 et pour \u00e9crire un message il lui faut une \u00e9ternit\u00e9. Mais c&rsquo;est elle qui cuisine les meilleurs petits plats, et quand on est triste elle est toujours l\u00e0 !<\/p>\n<p>\t\t\t\t<a href=\"https:\/\/www.treatwell.fr\/salons\/soin-pedicure,vernis-semi-permanent-pieds\/offre-type-local\/dans-paris-france\/\" target=\"_blank\"><br \/>\n\t\t\t\t<img decoding=\"async\" src=\"https:\/\/www.treatwell.fr/inspiration\/wp-content\/uploads\/sites\/4\/2018\/05\/Treatment-module-01-Pedicure.jpg\" alt=\"Treatment module 01 Pedicure\" \/><br \/>\n\t\t\t\t<\/a><\/p>\n<p><strong>Elle m\u00e9rite de lever le pied<\/strong><\/p>\n<p>Pour toutes les fois o\u00f9 elle nous a couru apr\u00e8s&#8230;<\/p>\n<p>\t\t\t<a href=\"https:\/\/www.treatwell.fr\/salons\/soin-pedicure,vernis-semi-permanent-pieds\/offre-type-local\/dans-paris-france\/\" target=\"_blank\" role=\"button\"><br \/>\n\t\t\t\t\t\t\tOffrez-lui une p\u00e9dicure<br \/>\n\t\t\t\t\t<\/a><br \/>\n\t\t\t\t<a href=\"https:\/\/www.treatwell.fr\/salons\/soin-brushing\/offre-type-local\/dans-paris-france\/\" target=\"_blank\"><br \/>\n\t\t\t\t<img decoding=\"async\" src=\"https:\/\/www.treatwell.fr/inspiration\/wp-content\/uploads\/sites\/4\/2018\/05\/Treatment-module-02-Blow-dry.jpg\" alt=\"Treatment module 02 Blow dry\" \/><br \/>\n\t\t\t\t<\/a><\/p>\n<p><strong>Elle m\u00e9rite\u00a0une mise en beaut\u00e9<\/strong><\/p>\n<p>Pour toutes les fois o\u00f9 elle nous a coiff\u00e9s&#8230;<\/p>\n<p>\t\t\t<a href=\"https:\/\/www.treatwell.fr\/salons\/soin-brushing\/offre-type-local\/dans-paris-france\/\" target=\"_blank\" role=\"button\"><br \/>\n\t\t\t\t\t\t\tOffrez-lui un brushing<br \/>\n\t\t\t\t\t<\/a><br \/>\n\t\t\t\t<a href=\"https:\/\/www.treatwell.fr\/salons\/soins-groupe-massage\/offre-type-local\/dans-paris-france\/\" target=\"_blank\"><br \/>\n\t\t\t\t<img decoding=\"async\" src=\"https:\/\/www.treatwell.fr/inspiration\/wp-content\/uploads\/sites\/4\/2018\/05\/Treatment-module-03-Massage.jpg\" alt=\"Treatment module 03 Massage\" \/><br \/>\n\t\t\t\t<\/a><\/p>\n<p><strong>Elle m\u00e9rite de\u00a0se reposer<\/strong><\/p>\n<p>Pour toutes les fois o\u00f9 elle nous a port\u00e9s&#8230;<\/p>\n<p>\t\t\t<a href=\"https:\/\/www.treatwell.fr\/salons\/soins-groupe-massage\/offre-type-local\/dans-paris-france\/\" target=\"_blank\" role=\"button\"><br \/>\n\t\t\t\t\t\t\tOffrez-lui un massage<br \/>\n\t\t\t\t\t<\/a><br \/>\n\t\t\t\t<a href=\"https:\/\/www.treatwell.fr\/salons\/soin-manucure,nail-art,vernis-semi-permanent-mains\/offre-type-local\/dans-paris-france\/\" target=\"_blank\"><br \/>\n\t\t\t\t<img decoding=\"async\" src=\"https:\/\/www.treatwell.fr/inspiration\/wp-content\/uploads\/sites\/4\/2018\/05\/Treatment-module-04-Manicure.jpg\" alt=\"Treatment module 04 Manicure\" \/><br \/>\n\t\t\t\t<\/a><\/p>\n<p><strong>Elle m\u00e9rite\u00a0des mains de f\u00e9e<\/strong><\/p>\n<p>Pour toutes les fois o\u00f9 elle nous a\u00a0aid\u00e9s \u00e0 bricoler&#8230;<\/p>\n<p>\t\t\t<a href=\"https:\/\/www.treatwell.fr\/salons\/soin-manucure,nail-art,vernis-semi-permanent-mains\/offre-type-local\/dans-paris-france\/\" target=\"_blank\" role=\"button\"><br \/>\n\t\t\t\t\t\t\tOffrez-lui une manucure<br \/>\n\t\t\t\t\t<\/a><\/p>\n","protected":false},"excerpt":{"rendered":"<p>&nbsp; Bonne f\u00eate\u00a0 \u00a0 \u00a0 \u00a0 \u00a0 \u00a0 \u00a0 \u00a0 \u00a0 \u00a0 \u00a0 \u00a0 \u00a0 \u00a0 \u00a0 \u00a0Maman ! Elle nous appelle 10 fois d&rsquo;affil\u00e9 et pour \u00e9crire un message il lui faut une \u00e9ternit\u00e9. Mais c&rsquo;est elle qui cuisine les meilleurs petits plats, et quand on est triste elle est toujours l\u00e0 ! Elle&hellip;<\/p>\n","protected":false},"author":117,"featured_media":0,"parent":0,"menu_order":0,"comment_status":"closed","ping_status":"closed","template":"","meta":{"inline_featured_image":false,"footnotes":""},"class_list":["post-7516","page","type-page","status-publish","hentry"],"yoast_head":"<!-- This site is optimized with the Yoast SEO plugin v27.5 - https:\/\/yoast.com\/product\/yoast-seo-wordpress\/ -->\n<title>F\u00eate des m\u00e8res - Treatwell FR<\/title>\n<meta name=\"robots\" content=\"index, follow, max-snippet:-1, max-image-preview:large, max-video-preview:-1\" \/>\n<link rel=\"canonical\" href=\"https:\/\/www.treatwell.fr/inspiration\/fete-des-meres-2018\/\" \/>\n<meta property=\"og:locale\" content=\"fr_FR\" \/>\n<meta property=\"og:type\" content=\"article\" \/>\n<meta property=\"og:title\" content=\"F\u00eate des m\u00e8res - Treatwell FR\" \/>\n<meta property=\"og:description\" content=\"&nbsp; Bonne f\u00eate\u00a0 \u00a0 \u00a0 \u00a0 \u00a0 \u00a0 \u00a0 \u00a0 \u00a0 \u00a0 \u00a0 \u00a0 \u00a0 \u00a0 \u00a0 \u00a0Maman ! Elle nous appelle 10 fois d&rsquo;affil\u00e9 et pour \u00e9crire un message il lui faut une \u00e9ternit\u00e9. Mais c&rsquo;est elle qui cuisine les meilleurs petits plats, et quand on est triste elle est toujours l\u00e0 ! Elle&hellip;\" \/>\n<meta property=\"og:url\" content=\"https:\/\/www.treatwell.fr/inspiration\/fete-des-meres-2018\/\" \/>\n<meta property=\"og:site_name\" content=\"Treatwell FR\" \/>\n<meta property=\"article:modified_time\" content=\"2018-05-21T16:03:42+00:00\" \/>\n<meta property=\"og:image\" content=\"https:\/\/www.treatwell.fr/inspiration\/wp-content\/uploads\/sites\/4\/2018\/05\/Treatment-module-01-Pedicure.jpg\" \/>\n<meta name=\"twitter:card\" content=\"summary_large_image\" \/>\n<meta name=\"twitter:label1\" content=\"Dur\u00e9e de lecture estim\u00e9e\" \/>\n\t<meta name=\"twitter:data1\" content=\"1 minute\" \/>\n<script type=\"application\/ld+json\" class=\"yoast-schema-graph\">{\"@context\":\"https:\\\/\\\/schema.org\",\"@graph\":[{\"@type\":\"WebPage\",\"@id\":\"https:\\\/\\\/www.treatwell.fr/inspiration\\\/fete-des-meres-2018\\\/\",\"url\":\"https:\\\/\\\/www.treatwell.fr/inspiration\\\/fete-des-meres-2018\\\/\",\"name\":\"F\u00eate des m\u00e8res - Treatwell FR\",\"isPartOf\":{\"@id\":\"https:\\\/\\\/www.treatwell.fr/inspiration\\\/#website\"},\"primaryImageOfPage\":{\"@id\":\"https:\\\/\\\/www.treatwell.fr/inspiration\\\/fete-des-meres-2018\\\/#primaryimage\"},\"image\":{\"@id\":\"https:\\\/\\\/www.treatwell.fr/inspiration\\\/fete-des-meres-2018\\\/#primaryimage\"},\"thumbnailUrl\":\"https:\\\/\\\/www.treatwell.fr/inspiration\\\/wp-content\\\/uploads\\\/sites\\\/4\\\/2018\\\/05\\\/Treatment-module-01-Pedicure.jpg\",\"datePublished\":\"2018-05-14T07:58:06+00:00\",\"dateModified\":\"2018-05-21T16:03:42+00:00\",\"breadcrumb\":{\"@id\":\"https:\\\/\\\/www.treatwell.fr/inspiration\\\/fete-des-meres-2018\\\/#breadcrumb\"},\"inLanguage\":\"fr-FR\",\"potentialAction\":[{\"@type\":\"ReadAction\",\"target\":[\"https:\\\/\\\/www.treatwell.fr/inspiration\\\/fete-des-meres-2018\\\/\"]}]},{\"@type\":\"ImageObject\",\"inLanguage\":\"fr-FR\",\"@id\":\"https:\\\/\\\/www.treatwell.fr/inspiration\\\/fete-des-meres-2018\\\/#primaryimage\",\"url\":\"https:\\\/\\\/www.treatwell.fr/inspiration\\\/wp-content\\\/uploads\\\/sites\\\/4\\\/2018\\\/05\\\/Treatment-module-01-Pedicure.jpg\",\"contentUrl\":\"https:\\\/\\\/www.treatwell.fr/inspiration\\\/wp-content\\\/uploads\\\/sites\\\/4\\\/2018\\\/05\\\/Treatment-module-01-Pedicure.jpg\",\"width\":540,\"height\":310},{\"@type\":\"BreadcrumbList\",\"@id\":\"https:\\\/\\\/www.treatwell.fr/inspiration\\\/fete-des-meres-2018\\\/#breadcrumb\",\"itemListElement\":[{\"@type\":\"ListItem\",\"position\":1,\"name\":\"Home\",\"item\":\"https:\\\/\\\/www.treatwell.fr/inspiration\\\/\"},{\"@type\":\"ListItem\",\"position\":2,\"name\":\"F\u00eate des m\u00e8res\"}]},{\"@type\":\"WebSite\",\"@id\":\"https:\\\/\\\/www.treatwell.fr/inspiration\\\/#website\",\"url\":\"https:\\\/\\\/www.treatwell.fr/inspiration\\\/\",\"name\":\"Treatwell FR\",\"description\":\"\",\"potentialAction\":[{\"@type\":\"SearchAction\",\"target\":{\"@type\":\"EntryPoint\",\"urlTemplate\":\"https:\\\/\\\/www.treatwell.fr/inspiration\\\/?s={search_term_string}\"},\"query-input\":{\"@type\":\"PropertyValueSpecification\",\"valueRequired\":true,\"valueName\":\"search_term_string\"}}],\"inLanguage\":\"fr-FR\"}]}<\/script>\n<!-- \/ Yoast SEO plugin. -->","yoast_head_json":{"title":"F\u00eate des m\u00e8res - Treatwell FR","robots":{"index":"index","follow":"follow","max-snippet":"max-snippet:-1","max-image-preview":"max-image-preview:large","max-video-preview":"max-video-preview:-1"},"canonical":"https:\/\/www.treatwell.fr/inspiration\/fete-des-meres-2018\/","og_locale":"fr_FR","og_type":"article","og_title":"F\u00eate des m\u00e8res - Treatwell FR","og_description":"&nbsp; Bonne f\u00eate\u00a0 \u00a0 \u00a0 \u00a0 \u00a0 \u00a0 \u00a0 \u00a0 \u00a0 \u00a0 \u00a0 \u00a0 \u00a0 \u00a0 \u00a0 \u00a0Maman ! Elle nous appelle 10 fois d&rsquo;affil\u00e9 et pour \u00e9crire un message il lui faut une \u00e9ternit\u00e9. Mais c&rsquo;est elle qui cuisine les meilleurs petits plats, et quand on est triste elle est toujours l\u00e0 ! Elle&hellip;","og_url":"https:\/\/www.treatwell.fr/inspiration\/fete-des-meres-2018\/","og_site_name":"Treatwell FR","article_modified_time":"2018-05-21T16:03:42+00:00","og_image":[{"url":"https:\/\/www.treatwell.fr/inspiration\/wp-content\/uploads\/sites\/4\/2018\/05\/Treatment-module-01-Pedicure.jpg","type":"","width":"","height":""}],"twitter_card":"summary_large_image","twitter_misc":{"Dur\u00e9e de lecture estim\u00e9e":"1 minute"},"schema":{"@context":"https:\/\/schema.org","@graph":[{"@type":"WebPage","@id":"https:\/\/www.treatwell.fr/inspiration\/fete-des-meres-2018\/","url":"https:\/\/www.treatwell.fr/inspiration\/fete-des-meres-2018\/","name":"F\u00eate des m\u00e8res - Treatwell FR","isPartOf":{"@id":"https:\/\/www.treatwell.fr/inspiration\/#website"},"primaryImageOfPage":{"@id":"https:\/\/www.treatwell.fr/inspiration\/fete-des-meres-2018\/#primaryimage"},"image":{"@id":"https:\/\/www.treatwell.fr/inspiration\/fete-des-meres-2018\/#primaryimage"},"thumbnailUrl":"https:\/\/www.treatwell.fr/inspiration\/wp-content\/uploads\/sites\/4\/2018\/05\/Treatment-module-01-Pedicure.jpg","datePublished":"2018-05-14T07:58:06+00:00","dateModified":"2018-05-21T16:03:42+00:00","breadcrumb":{"@id":"https:\/\/www.treatwell.fr/inspiration\/fete-des-meres-2018\/#breadcrumb"},"inLanguage":"fr-FR","potentialAction":[{"@type":"ReadAction","target":["https:\/\/www.treatwell.fr/inspiration\/fete-des-meres-2018\/"]}]},{"@type":"ImageObject","inLanguage":"fr-FR","@id":"https:\/\/www.treatwell.fr/inspiration\/fete-des-meres-2018\/#primaryimage","url":"https:\/\/www.treatwell.fr/inspiration\/wp-content\/uploads\/sites\/4\/2018\/05\/Treatment-module-01-Pedicure.jpg","contentUrl":"https:\/\/www.treatwell.fr/inspiration\/wp-content\/uploads\/sites\/4\/2018\/05\/Treatment-module-01-Pedicure.jpg","width":540,"height":310},{"@type":"BreadcrumbList","@id":"https:\/\/www.treatwell.fr/inspiration\/fete-des-meres-2018\/#breadcrumb","itemListElement":[{"@type":"ListItem","position":1,"name":"Home","item":"https:\/\/www.treatwell.fr/inspiration\/"},{"@type":"ListItem","position":2,"name":"F\u00eate des m\u00e8res"}]},{"@type":"WebSite","@id":"https:\/\/www.treatwell.fr/inspiration\/#website","url":"https:\/\/www.treatwell.fr/inspiration\/","name":"Treatwell FR","description":"","potentialAction":[{"@type":"SearchAction","target":{"@type":"EntryPoint","urlTemplate":"https:\/\/www.treatwell.fr/inspiration\/?s={search_term_string}"},"query-input":{"@type":"PropertyValueSpecification","valueRequired":true,"valueName":"search_term_string"}}],"inLanguage":"fr-FR"}]}},"_links":{"self":[{"href":"https:\/\/www.treatwell.fr\/inspiration\/wp-json\/wp\/v2\/pages\/7516","targetHints":{"allow":["GET"]}}],"collection":[{"href":"https:\/\/www.treatwell.fr\/inspiration\/wp-json\/wp\/v2\/pages"}],"about":[{"href":"https:\/\/www.treatwell.fr\/inspiration\/wp-json\/wp\/v2\/types\/page"}],"author":[{"embeddable":true,"href":"https:\/\/www.treatwell.fr\/inspiration\/wp-json\/wp\/v2\/users\/117"}],"replies":[{"embeddable":true,"href":"https:\/\/www.treatwell.fr\/inspiration\/wp-json\/wp\/v2\/comments?post=7516"}],"version-history":[{"count":0,"href":"https:\/\/www.treatwell.fr\/inspiration\/wp-json\/wp\/v2\/pages\/7516\/revisions"}],"wp:attachment":[{"href":"https:\/\/www.treatwell.fr\/inspiration\/wp-json\/wp\/v2\/media?parent=7516"}],"curies":[{"name":"wp","href":"https:\/\/api.w.org\/{rel}","templated":true}]}}